{"id":5202,"date":"2023-07-01T12:16:46","date_gmt":"2023-07-01T10:16:46","guid":{"rendered":"https:\/\/www.nicopirozzi.it\/demo\/?post_type=product&#038;p=5202"},"modified":"2023-09-14T14:38:52","modified_gmt":"2023-09-14T12:38:52","slug":"italiani-imperfetti","status":"publish","type":"product","link":"https:\/\/www.nicopirozzi.it\/demo\/product\/italiani-imperfetti\/","title":{"rendered":"Italiani Imperfetti."},"content":{"rendered":"<p>Titolo: Italiani Imperfetti. Storie ritrovate di una famiglia di ebrei napoletani<br \/>\nAutore: Nico Pirozzi<br \/>\nEditore: Youcanprint<br \/>\nISBN: 9-791221-443189<br \/>\nPrima edizione: Gennaio 2023<br \/>\nPagine: 208<br \/>\nEuro: 20,00<\/p>\n<p>&nbsp;<\/p>\n<p>Luciana Pacifici aveva appena otto mesi quando, il 30 gennaio 1944, assieme ad altre 604 persone, fu inghiottita da un convoglio composto da dieci carri bestiame, da Milano diretto al mattatoio di Auschwitz. Assieme a lei c\u2019erano anche il cuginetto Paolo Procaccia di quattro mesi pi\u00f9 grande, i genitori (Loris ed Elda, di 33 e 24 anni), gli zii (Aldo, Milena e Sergio, di 39, 28 e 33 anni) e i nonni (Amedeo e Jole, di 62 e 59 anni). In tutto nove persone. Nove ebrei provenienti da Napoli, la citt\u00e0 dove tre di loro (Luciana, Paolo ed Elda) erano anche nati e dalla quale erano fuggiti a causa dei devastanti bombardamenti poche settimane prima dell\u2019arrivo degli Alleati. La loro tragica e beffarda storia non \u00e8 solo quella di tre generazioni spezzate dalle politiche di sterminio del popolo ebraico, di cui la Repubblica Sociale fondata da Mussolini sulla riva del lago di Garda fu attiva protagonista, ma anche quella della piccola Comunit\u00e0 partenopea che solo per una fortuita serie di coincidenze non ebbe a conoscere il lugubre significato della locuzione tedesca Endl\u00f6sung der Judenfrage (soluzione finale della questione ebraica). Da sfondo ad una storia di ordinaria quotidianit\u00e0, che nel giro di appena cinque anni si trasformer\u00e0 in tragedia per tre famiglie (Procaccia, Pacifici e Molco), c\u2019\u00e8 la Napoli del ventennio nero, della guerra e dei bombardamenti a tappeto. Ma anche quell\u2019Italia che si \u00e8 sempre rifiutata di fare i conti con il proprio passato, lasciandoci in eredit\u00e0 una narrazione falsa e fuorviante, che \u2013 salvo rare eccezioni \u2013 ha ben poco in comune con la realt\u00e0 dei fatti<\/p>\n","protected":false},"excerpt":{"rendered":"<p>Titolo: Italiani Imperfetti. Storie ritrovate di una famiglia di ebrei napoletani Autore: Nico Pirozzi Editore: Youcanprint ISBN: 9-791221-443189 Prima edizione: Gennaio 2023 Pagine: 208 Euro: 20,00 &nbsp; Luciana Pacifici aveva appena otto mesi quando, il 30 gennaio 1944, assieme ad altre 604 persone, fu inghiottita da un convoglio composto da dieci carri bestiame, da Milano [&hellip;]<\/p>\n","protected":false},"featured_media":5203,"comment_status":"closed","ping_status":"closed","template":"","meta":[],"product_cat":[67],"product_tag":[],"class_list":["post-5202","product","type-product","status-publish","has-post-thumbnail","hentry","product_cat-libri"],"_links":{"self":[{"href":"https:\/\/www.nicopirozzi.it\/demo\/wp-json\/wp\/v2\/product\/5202","targetHints":{"allow":["GET"]}}],"collection":[{"href":"https:\/\/www.nicopirozzi.it\/demo\/wp-json\/wp\/v2\/product"}],"about":[{"href":"https:\/\/www.nicopirozzi.it\/demo\/wp-json\/wp\/v2\/types\/product"}],"replies":[{"embeddable":true,"href":"https:\/\/www.nicopirozzi.it\/demo\/wp-json\/wp\/v2\/comments?post=5202"}],"version-history":[{"count":3,"href":"https:\/\/www.nicopirozzi.it\/demo\/wp-json\/wp\/v2\/product\/5202\/revisions"}],"predecessor-version":[{"id":6102,"href":"https:\/\/www.nicopirozzi.it\/demo\/wp-json\/wp\/v2\/product\/5202\/revisions\/6102"}],"wp:featuredmedia":[{"embeddable":true,"href":"https:\/\/www.nicopirozzi.it\/demo\/wp-json\/wp\/v2\/media\/5203"}],"wp:attachment":[{"href":"https:\/\/www.nicopirozzi.it\/demo\/wp-json\/wp\/v2\/media?parent=5202"}],"wp:term":[{"taxonomy":"product_cat","embeddable":true,"href":"https:\/\/www.nicopirozzi.it\/demo\/wp-json\/wp\/v2\/product_cat?post=5202"},{"taxonomy":"product_tag","embeddable":true,"href":"https:\/\/www.nicopirozzi.it\/demo\/wp-json\/wp\/v2\/product_tag?post=5202"}],"curies":[{"name":"wp","href":"https:\/\/api.w.org\/{rel}","templated":true}]}}

<p>Titolo: Italiani Imperfetti. Storie ritrovate di una famiglia di ebrei napoletani<br />
Autore: Nico Pirozzi<br />
Editore: Youcanprint<br />
ISBN: 9-791221-443189<br />
Prima edizione: Gennaio 2023<br />
Pagine: 208<br />
Euro: 20,00</p>
<p>&nbsp;</p>
<p>Luciana Pacifici aveva appena otto mesi quando, il 30 gennaio 1944, assieme ad altre 604 persone, fu inghiottita da un convoglio composto da dieci carri bestiame, da Milano diretto al mattatoio di Auschwitz. Assieme a lei c’erano anche il cuginetto Paolo Procaccia di quattro mesi più grande, i genitori (Loris ed Elda, di 33 e 24 anni), gli zii (Aldo, Milena e Sergio, di 39, 28 e 33 anni) e i nonni (Amedeo e Jole, di 62 e 59 anni). In tutto nove persone. Nove ebrei provenienti da Napoli, la città dove tre di loro (Luciana, Paolo ed Elda) erano anche nati e dalla quale erano fuggiti a causa dei devastanti bombardamenti poche settimane prima dell’arrivo degli Alleati. La loro tragica e beffarda storia non è solo quella di tre generazioni spezzate dalle politiche di sterminio del popolo ebraico, di cui la Repubblica Sociale fondata da Mussolini sulla riva del lago di Garda fu attiva protagonista, ma anche quella della piccola Comunità partenopea che solo per una fortuita serie di coincidenze non ebbe a conoscere il lugubre significato della locuzione tedesca Endlösung der Judenfrage (soluzione finale della questione ebraica). Da sfondo ad una storia di ordinaria quotidianità, che nel giro di appena cinque anni si trasformerà in tragedia per tre famiglie (Procaccia, Pacifici e Molco), c’è la Napoli del ventennio nero, della guerra e dei bombardamenti a tappeto. Ma anche quell’Italia che si è sempre rifiutata di fare i conti con il proprio passato, lasciandoci in eredità una narrazione falsa e fuorviante, che – salvo rare eccezioni – ha ben poco in comune con la realtà dei fatti</p>
