{"id":5200,"date":"2023-07-02T12:15:57","date_gmt":"2023-07-02T10:15:57","guid":{"rendered":"https:\/\/www.nicopirozzi.it\/demo\/?post_type=product&#038;p=5200"},"modified":"2023-09-14T14:38:46","modified_gmt":"2023-09-14T12:38:46","slug":"la-croce-e-la-svastica","status":"publish","type":"product","link":"https:\/\/www.nicopirozzi.it\/demo\/product\/la-croce-e-la-svastica\/","title":{"rendered":"La croce e la svastica."},"content":{"rendered":"<p>Titolo: La croce e la svastica. Il pontificato di Pio XII tra silenzi e complicit\u00e0<br \/>\nAutori: Ottavio Di Grazia \u2013 Nico Pirozzi<br \/>\nEditore: D\u2019Amico editore<br \/>\nISBN: 9-788899-821425<br \/>\nPrima edizione: Gennaio 2022<br \/>\nPagine: 264<br \/>\nEuro: 20,00<\/p>\n<p>&nbsp;<\/p>\n<p>Assurto al trono di Pietro sei mesi prima dello scoppio della guerra, Eugenio Pacelli ebbe la sgradita sorpresa di doversi confrontare con una prova con la quale nessun altro pontefice si era mai misurato. Eppure, dei protagonisti di quella storia conosceva praticamente tutto e tutti. A cominciare da Adolf Hitler con il quale, il 20 luglio 1933, aveva firmato il Reichskonkordat. Della mattanza degli ebrei ne venne a conoscenza sin dall\u2019inizio, grazie alla rete di prelati e diplomatici cattolici che lo tenevano costantemente informato. Ottomila e pi\u00f9 pagine di documenti vaticani lo dimostrano in maniera ineccepibile. Non da oggi, ma da pi\u00f9 di quarant\u2019anni. Nonostante la dimensione del massacro in atto, dalle labbra di Pio XII non si ud\u00ec mai un vero grido di protesta, anche perch\u00e9 la parola \u00abebreo\u00bb era stata bandita dal vocabolario ufficiale. A condizionare le sue scelte non furono solo i pregiudizi antigiudaici di cui era infarcita la Chiesa, ma anche la convinzione che ebraismo e bolscevismo rappresentassero le due facce di una stessa medaglia. Timori che, anni dopo, furono a fondamento della \u201cdecima\u201d crociata: quella che la Chiesa di Pacelli intraprese contro il comunismo ateo e perverso. Sugli echi di quella particolare crociata, promossa a distanza di settecento anni dall\u2019ultima, centinaia di criminali di guerra del calibro di Mengele, Eichmann e Paveli\u0107 poterono lasciare l\u2019Europa con la complicit\u00e0 di preti, monaci e vescovi. Una infamante pagina di storia che cela responsabilit\u00e0 ai pi\u00f9 alti livelli della Chiesa cattolica, che questo libro cerca di svelare<\/p>\n","protected":false},"excerpt":{"rendered":"<p>Titolo: La croce e la svastica. Il pontificato di Pio XII tra silenzi e complicit\u00e0 Autori: Ottavio Di Grazia \u2013 Nico Pirozzi Editore: D\u2019Amico editore ISBN: 9-788899-821425 Prima edizione: Gennaio 2022 Pagine: 264 Euro: 20,00 &nbsp; Assurto al trono di Pietro sei mesi prima dello scoppio della guerra, Eugenio Pacelli ebbe la sgradita sorpresa di [&hellip;]<\/p>\n","protected":false},"featured_media":5201,"comment_status":"closed","ping_status":"closed","template":"","meta":[],"product_cat":[67],"product_tag":[],"class_list":["post-5200","product","type-product","status-publish","has-post-thumbnail","hentry","product_cat-libri"],"_links":{"self":[{"href":"https:\/\/www.nicopirozzi.it\/demo\/wp-json\/wp\/v2\/product\/5200","targetHints":{"allow":["GET"]}}],"collection":[{"href":"https:\/\/www.nicopirozzi.it\/demo\/wp-json\/wp\/v2\/product"}],"about":[{"href":"https:\/\/www.nicopirozzi.it\/demo\/wp-json\/wp\/v2\/types\/product"}],"replies":[{"embeddable":true,"href":"https:\/\/www.nicopirozzi.it\/demo\/wp-json\/wp\/v2\/comments?post=5200"}],"version-history":[{"count":4,"href":"https:\/\/www.nicopirozzi.it\/demo\/wp-json\/wp\/v2\/product\/5200\/revisions"}],"predecessor-version":[{"id":6101,"href":"https:\/\/www.nicopirozzi.it\/demo\/wp-json\/wp\/v2\/product\/5200\/revisions\/6101"}],"wp:featuredmedia":[{"embeddable":true,"href":"https:\/\/www.nicopirozzi.it\/demo\/wp-json\/wp\/v2\/media\/5201"}],"wp:attachment":[{"href":"https:\/\/www.nicopirozzi.it\/demo\/wp-json\/wp\/v2\/media?parent=5200"}],"wp:term":[{"taxonomy":"product_cat","embeddable":true,"href":"https:\/\/www.nicopirozzi.it\/demo\/wp-json\/wp\/v2\/product_cat?post=5200"},{"taxonomy":"product_tag","embeddable":true,"href":"https:\/\/www.nicopirozzi.it\/demo\/wp-json\/wp\/v2\/product_tag?post=5200"}],"curies":[{"name":"wp","href":"https:\/\/api.w.org\/{rel}","templated":true}]}}